Is 195018247 a composite number?
False
Is 2406495166 composite?
True
Is 1240433542 prime?
False
Is 1590287311 a composite number?
False
Is 7514428639 a prime number?
True
Is 492172679 prime?
True
Is 433337117 a composite number?
False
Is 7250486093 prime?
False
Is 1227324271 a prime number?
True
Is 9246353161 a composite number?
False
Is 3325516153 prime?
False
Is 1418992937 composite?
True
Is 9340645591 a composite number?
False
Is 17206774957 composite?
True
Is 730185647 composite?
True
Is 109494338405 composite?
True
Is 5816647 prime?
True
Is 29126591597 a prime number?
False
Is 48305742697 prime?
True
Is 1690361389 a prime number?
True
Is 4652824829 prime?
False
Is 18504287533 composite?
False
Is 944624899 a composite number?
False
Is 1534405541 prime?
True
Is 1076252857 a prime number?
False
Is 46885261 a prime number?
False
Is 7220469569 composite?
False
Is 1587608081 composite?
True
Is 365689069 composite?
False
Is 196800647 composite?
False
Is 4381866707 a prime number?
False
Is 301273729 composite?
False
Is 374546033 a composite number?
True
Is 7428143087 prime?
False
Is 8011683029 composite?
True
Is 720178703 a composite number?
False
Is 169927788181 a prime number?
False
Is 31392833 a composite number?
True
Is 3980739157 composite?
False
Is 35941591139 a prime number?
True
Is 2346668309 a prime number?
False
Is 29120299237 a composite number?
False
Is 2205905521 a composite number?
True
Is 1402706603 a composite number?
True
Is 6838328279 a composite number?
False
Is 11548470097 a prime number?
True
Is 234269304551 a composite number?
True
Is 107994154727 a composite number?
True
Is 217368413907 composite?
True
Is 8092841227 a prime number?
True
Is 93960729641 a prime number?
True
Is 22927804093 a prime number?
False
Is 6304496573 a prime number?
False
Is 60864211706 a prime number?
False
Is 24903030919 a composite number?
True
Is 1446867701 prime?
False
Is 534585557 a prime number?
False
Is 13153541 a composite number?
False
Is 4495825489 composite?
True
Is 210405241 composite?
False
Is 16133450887 composite?
True
Is 4721329769 composite?
True
Is 2067818861 composite?
False
Is 16994987381 a prime number?
False
Is 922422157 composite?
False
Is 83304527321 a composite number?
True
Is 23433504991 prime?
False
Is 728159777 a prime number?
True
Is 537961607 prime?
False
Is 288578011 a composite number?
True
Is 2271443477 a composite number?
True
Is 1608048529 a prime number?
False
Is 1297988449 prime?
True
Is 7013694097 prime?
False
Is 362753485 a prime number?
False
Is 53669108719 prime?
False
Is 267463795 composite?
True
Is 781572109 a composite number?
False
Is 1837851529 prime?
False
Is 935640709 a composite number?
True
Is 4310496397 a prime number?
False
Is 31796598259 composite?
False
Is 26162673461 a prime number?
True
Is 68702774663 a composite number?
False
Is 1081212961 a composite number?
False
Is 659244167 composite?
False
Is 383412687103 prime?
True
Is 9525954937 prime?
False
Is 2334980881 prime?
False
Is 5650571923 composite?
True
Is 1551646021 composite?
False
Is 46139879 a composite number?
False
Is 1570738003 a composite number?
True
Is 386706037 prime?
True
Is 136266623 composite?
True
Is 754008358 composite?
True
Is 13129547557 a composite number?
True
Is 1774228331 a composite number?
True
Is 13096782703 a prime number?
False
Is 410281099 prime?
False
Is 130406884411 prime?
True
Is 25050373607 prime?
False
Is 8757520735 prime?
False
Is 23605867889 prime?
False
Is 770155558 prime?
False
Is 15730847381 composite?
False
Is 2174736841 a composite number?
False
Is 7541910851 composite?
True
Is 65215251113 prime?
True
Is 1351789091 a composite number?
True
Is 3103519561 a composite number?
False
Is 775584109 a prime number?
False
Is 14681042923 composite?
False
Is 33493028051 a composite number?
True
Is 2062588505 a composite number?
True
Is 2397798383 composite?
False
Is 21801367893 a composite number?
True
Is 3017579581 a composite number?
True
Is 631799999 a composite number?
False
Is 5521841167 a composite number?
False
Is 51459290261 composite?
True
Is 815802223 a composite number?
True
Is 27689626823 a composite number?
False
Is 46345353353 a composite number?
True
Is 3389562587 prime?
False
Is 134401907 a composite number?
False
Is 10831592957 a composite number?
False
Is 19796890193 prime?
True
Is 2404775447 a composite number?
True
Is 13714381 prime?
True
Is 654034081 composite?
True
Is 24857563 a prime number?
True
Is 9694578587 a composite number?
True
Is 1005462301 prime?
True
Is 538721467 prime?
False
Is 14512936667 prime?
False
Is 569477269 composite?
True
Is 196204457 prime?
False
Is 18432738553 prime?
True
Is 217441306991 a composite number?
True
Is 32259251207 composite?
True
Is 52375134151 composite?
True
Is 91878001 composite?
False
Is 9994885 composite?
True
Is 47673131917 a prime number?
True
Is 166221230911 composite?
False
Is 1372664353 a composite number?
False
Is 47896850789 prime?
False
Is 3365132531 a prime number?
True
Is 1360452559 prime?
False
Is 299658391489 prime?
True
Is 1088101797 a prime number?
False
Is 226196359 a composite number?
True
Is 72550559 a composite number?
True
Is 38267662319 a composite number?
False
Is 421883729 a prime number?
False
Is 6393361147 prime?
True
Is 77705573739 composite?
True
Is 39671479031 prime?
False
Is 1964817767 composite?
True
Is 108642553 prime?
False
Is 23887801871 a composite number?
False
Is 9522667927 prime?
False
Is 24937118837 a prime number?
True
Is 6186143487 composite?
True
Is 124068617 a composite number?
False
Is 1527997333 a prime number?
False
Is 64419923 a composite number?
True
Is 295539913 a prime number?
True
Is 383326213 a composite number?
False
Is 5900299619 composite?
True
Is 770472503 a composite number?
False
Is 118729344181 a prime number?
False
Is 10296209639 a composite number?
True
Is 3071197813 prime?
True
Is 227691473 a prime number?
False
Is 29017463447 a prime number?
False
Is 110329711 a prime number?
False
Is 4576825727 prime?
True
Is 6270928519 a prime number?
False
Is 191560693 composite?
False
Is 17896546055 a composite number?
True
Is 3492172261 composite?
False
Is 24069282373 a prime number?
True
Is 15999694709 a prime number?
True
Is 84787603 composite?
True
Is 4318635583 a composite number?
False
Is 79270859 a prime number?
False
Is 7405689713 a prime number?
True
Is 418119049 a prime number?
True
Is 59992915919 a prime number?
True
Is 32042801071 a prime number?
True
Is 33017008177 composite?
False
Is 7120964101 composite?
True
Is 347800571 prime?
True
Is 56281758719 a composite number?
False
Is 201404881277 a composite number?
True
Is 2553588507 a composite number?
True
Is 7149641 composite?
False
Is 3309022709 a prime number?
True
Is 43398228197 a composite number?
False
Is 562634801 a prime number?
True
Is 10238305817 a composite number?
False
Is 95101913 composite?
False
Is 17688663053 composite?
True
Is 7153575041 composite?
False
Is 14235862447 a composite number?
False
Is 730585589 prime?
False
Is 136421501 prime?
False
Is 1368540463 composite?
True
Is 4731676193 prime?
True
Is 1593773497 a prime number?
True
Is 83978283089 a composite number?
False
Is 34596561247 prime?
False
Is 1206839353 a composite number?
False
Is 2293422743 composite?
False
Is 288334729 a prime number?
False
Is 2741088107 prime?
False
Is 3841543829 composite?
False
Is 71260662071 prime?
True
Is 41604032053 composite?
True
Is 1707080003 a prime number?
True
Is 4526583365 a prime number?
False
Is 8794504909 prime?
True
Is 85662544679 a prime number?
False
Is 340237789 a composite number?
False
Is 185759279 a composite number?
False
Is 26637138305 composite?
True
Is 11226324979 a composite number?
True
Is 1345441891 prime?
False
Is 1257600781 a composite number?
False
Is 12649713707 prime?
True
Is 2871181399 composite?
False
Is 421730863 prime?
True
Is 660397765 a composite number?
True
Is 14153854333 composite?
True
Is 920431129373 a composite number?
True
Is 2554263521 prime?
True
Is 3567981497 prime?
True
Is 1116951701 composite?
False
Is 17771059685 a prime number?
False
Is 3357088507 a composite number?
False
Is 1760032655 prime?
False
Is 5031864457 composite?
False
Is 482265337 prime?
True
Is 8946390185 prime?
False
Is 9861